 -103 (base 8) in base 16?
-43
-52 (base 12) to base 15
-42
Convert 455 (base 8) to base 14.
177
What is -9 (base 12) in base 13?
-9
Convert -12 (base 11) to base 14.
-d
Convert 11 (base 8) to base 2.
1001
Convert -20 (base 3) to base 15.
-6
Convert -14 (base 7) to base 3.
-102
What is -10 (base 3) in base 11?
-3
What is 40 (base 7) in base 6?
44
-3 (base 16) to base 6
-3
What is 8 (base 14) in base 4?
20
Convert -6 (base 9) to base 10.
-6
102 (base 5) to base 3
1000
33 (base 6) to base 13
18
What is -415 (base 6) in base 16?
-9b
What is 43 (base 14) in base 16?
3b
What is 1 (base 10) in base 5?
1
Convert -1 (base 15) to base 3.
-1
1131 (base 4) to base 16
5d
6 (base 11) to base 6
10
What is -115 (base 15) in base 16?
-f5
Convert 5 (base 8) to base 14.
5
What is -113 (base 13) in base 15?
-c5
Convert 103 (base 6) to base 4.
213
What is -100000 (base 2) in base 3?
-1012
-245 (base 6) to base 12
-85
-13 (base 15) to base 14
-14
What is -12 (base 4) in base 14?
-6
What is 8 (base 12) in base 11?
8
What is -63 (base 7) in base 5?
-140
-11 (base 2) to base 7
-3
Convert 2 (base 9) to base 16.
2
18 (base 16) to base 11
22
Convert -d (base 14) to base 15.
-d
Convert -112 (base 16) to base 3.
-101011
-48 (base 13) to base 12
-50
What is -3 (base 9) in base 12?
-3
What is -3 (base 12) in base 2?
-11
83 (base 12) to base 15
69
15 (base 6) to base 9
12
Convert 30 (base 4) to base 16.
c
3 (base 4) to base 7
3
22 (base 4) to base 13
a
Convert 1011 (base 2) to base 7.
14
-5 (base 8) to base 12
-5
-3 (base 14) to base 6
-3
Convert -5 (base 14) to base 2.
-101
19 (base 12) to base 15
16
Convert 72 (base 13) to base 9.
113
Convert 5 (base 9) to base 10.
5
110 (base 2) to base 5
11
Convert -2 (base 6) to base 12.
-2
Convert 3 (base 5) to base 3.
10
What is -3 (base 4) in base 5?
-3
Convert -89 (base 12) to base 15.
-70
What is 3 (base 4) in base 3?
10
Convert 8 (base 10) to base 13.
8
Convert 2200 (base 3) to base 5.
242
Convert -5 (base 11) to base 15.
-5
Convert 25 (base 6) to base 8.
21
Convert 35 (base 12) to base 8.
51
-18 (base 11) to base 3
-201
Convert 16 (base 11) to base 13.
14
Convert -14 (base 14) to base 2.
-10010
Convert 282 (base 10) to base 8.
432
Convert e (base 15) to base 2.
1110
120 (base 4) to base 6
40
21 (base 3) to base 2
111
What is -2 (base 7) in base 9?
-2
What is -1111 (base 3) in base 9?
-44
0 (base 8) to base 4
0
b (base 14) to base 12
b
131 (base 6) to base 4
313
Convert d (base 15) to base 2.
1101
Convert 2 (base 15) to base 7.
2
Convert -59 (base 14) to base 2.
-1001111
What is 17 (base 14) in base 11?
1a
Convert 4 (base 5) to base 2.
100
2012 (base 4) to base 6
342
-7 (base 11) to base 14
-7
Convert 1 (base 5) to base 3.
1
13 (base 4) to base 9
7
What is 2a (base 16) in base 13?
33
-211 (base 3) to base 16
-16
1 (base 14) to base 7
1
-5 (base 15) to base 6
-5
Convert 143 (base 11) to base 13.
cc
What is -351 (base 7) in base 9?
-223
Convert 112 (base 3) to base 14.
10
-100 (base 2) to base 8
-4
117 (base 14) to base 8
331
Convert 4b (base 14) to base 11.
61
What is 1f (base 16) in base 5?
111
Convert 3 (base 13) to base 3.
10
-21 (base 13) to base 8
-33
Convert 32 (base 7) to base 6.
35
-3 (base 6) to base 12
-3
What is 5 (base 15) in base 14?
5
Convert -2 (base 6) to base 16.
-2
Convert -22 (base 4) to base 16.
-a
What is 4d (base 14) in base 9?
76
What is -6 (base 7) in base 13?
-6
What is -402 (base 5) in base 16?
-66
What is 0 (base 15) in base 11?
0
What is -31 (base 6) in base 9?
-21
Convert -11010101 (base 2) to base 12.
-159
Convert 20 (base 11) to base 8.
26
-10000 (base 2) to base 11
-15
Convert 4 (base 16) to base 15.
4
-1 (base 3) to base 5
-1
Convert -13 (base 6) to base 11.
-9
Convert -2 (base 8) to base 14.
-2
What is -1a (base 15) in base 5?
-100
3 (base 4) to base 3
10
b (base 15) to base 5
21
225 (base 6) to base 3
10022
What is -1c (base 14) in base 3?
-222
-6 (base 10) to base 14
-6
-a (base 12) to base 10
-10
What is -1 (base 16) in base 8?
-1
Convert -35 (base 16) to base 14.
-3b
Convert -27 (base 10) to base 8.
-33
27 (base 13) to base 16
21
Convert 152 (base 7) to base 13.
68
What is -5 (base 11) in base 2?
-101
110001 (base 2) to base 6
121
0 (base 8) to base 10
0
What is 3 (base 6) in base 12?
3
-f (base 16) to base 5
-30
Convert 28 (base 10) to base 16.
1c
-101010 (base 2) to base 10
-42
Convert -1101 (base 3) to base 7.
-52
Convert -20 (base 7) to base 10.
-14
-1 (base 9) to base 11
-1
Convert 12 (base 8) to base 12.
a
What is 3 (base 15) in base 5?
3
Convert -1433 (base 5) to base 16.
-f3
4 (base 14) to base 5
4
What is 16 (base 15) in base 14?
17
70 (base 13) to base 12
77
What is -11 (base 4) in base 9?
-5
Convert -b0 (base 14) to base 5.
-1104
What is 99 (base 11) in base 10?
108
-39 (base 15) to base 4
-312
Convert -3 (base 13) to base 3.
-10
What is -1 (base 7) in base 11?
-1
Convert -10 (base 4) to base 9.
-4
Convert 1112 (base 3) to base 8.
51
Convert 4 (base 15) to base 9.
4
What is -133 (base 4) in base 14?
-23
Convert -10001111 (base 2) to base 11.
-120
What is 1 (base 4) in base 7?
1
What is -16 (base 13) in base 15?
-14
Convert 1 (base 12) to base 6.
1
-10013 (base 4) to base 6
-1115
What is -4 (base 12) in base 14?
-4
Convert -12 (base 3) to base 11.
-5
71 (base 16) to base 8
161
3 (base 9) to base 3
10
1 (base 15) to base 8
1
11111 (base 2) to base 5
111
Convert -21 (base 14) to base 2.
-11101
11 (base 9) to base 14
a
1001 (base 3) to base 2
11100
What is -1 (base 6) in base 10?
-1
What is 157 (base 14) in base 3?
101010
What is 12 (base 3) in base 6?
5
What is -55 (base 9) in base 10?
-50
What is 1 (base 10) in base 3?
1
59 (base 13) to base 16
4a
-100 (base 9) to base 2
-1010001
-5 (base 7) to base 13
-5
Convert 10 (base 2) to base 6.
2
Convert -44 (base 10) to base 14.
-32
What is -4 (base 13) in base 14?
-4
15 (base 8) to base 16
d
Convert 116 (base 8) to base 12.
66
Convert -5 (base 14) to base 12.
-5
105 (base 10) to base 2
1101001
Convert -114 (base 7) to base 15.
-40
3 (base 14) to base 7
3
125 (base 6) to base 7
104
174 (base 12) to base 11
1a1
-113 (base 5) to base 9
-36
What is -57 (base 9) in base 12?
-44
213 (base 5) to base 16
3a
Convert 12 (base 15) to base 4.
101
23 (base 9) to base 15
16
-40 (base 5) to base 7
-26
20 (base 7) to base 9
15
118 (base 14) to base 16
da
6 (base 15) to base 14
6
2 (base 8) to base 12
2
What is -30 (base 11) in base 6?
-53
Convert 65 (base 14) to base 2.
1011001
What is -4 (base 15) in base 13?
-4
Convert -74 (base 8) to base 5.
-220
Convert 3 (base 5) to base 8.
3
What is 0 (base 5) in base 3?
0
What is -80 (base 11) in base 2?
-1011000
What is 1 (base 15) in base 14?
1
What is -10 (base 8) in base 12?
-8
Convert -3 (base 5) to base 10.
-3
Convert 11 (base 3) to base 7.
4
53 (base 6) to base 12
29
4 (base 7) to base 16
4
Convert 2 (base 16) to base 14.
2
-112 (base 4) to base 10
-22
What is -222 (base 3) in base 11?
-24
Convert -1205 (base 6) to base 10.
-293
Convert 104 (base 11) to base 10.
125
What is 12220 (base 3) in base 10?
159
What is 131 (base 4) in base 8?
35
Convert 10 (base 2) to base 8.
2
What is -10110111 (base 2) in base 15?
-c3
-2 (base 6) to base 3
-2
0 (base 5) to base 10
0
What is 2 (base 13) in base 11?
2
Convert 11 (base 11) to base 6.
20
What is -13 (base 12) in base 11?
-14
Convert 15 (base 8) to base 4.
31
5 (base 11) to base 10
5
3 (base 15) to base 5
3
Convert -2d (base 15) to base 13.
-34
Convert -2c (base 13) to base 5.
-123
-151 (base 9) to base 13
-9a
-34 (base 7) to base 15
-1a
What is 9b (base 14) in base 9?
162
-2 (base 12) to base 16
-2
-24 (base 7) to base 8
-22
75 (base 10) to base 6
203
67 (base 9) to base 8
75
What is -97 (base 12) in base 15?
-7a
-1 (base 6) to base 2
-1
5 (base 10) to base 14
5
-1 (base 2) to base 16
-1
Convert -a5 (base 11) to base 12.
-97
What is 2 (base 7) in base 3?
2
What is 1230 (base 5) in base 6?
514
-71 (base 14) to base 5
-344
Convert -25 (base 9) to base 16.
-17
What is 12 (base 14) in base 7?
22
Convert 11 (base 4) to base 11.
5
Convert 5 (base 11) to base 6.
5
What is 42 (base 14) in base 3?
2011
Convert -4 (base 16) to base 8.
-4
What is -2 (base 7) in base 13?
-2
b (base 16) to base 7
14
What is -4 (base 14) in base 8?
-4
What is 0 (base 3) in base 7?
0
1011 (base 2